{"id":50,"date":"2023-12-26T15:55:03","date_gmt":"2023-12-26T15:55:03","guid":{"rendered":"https:\/\/www.pesos.cz\/?page_id=50"},"modified":"2023-12-26T16:07:07","modified_gmt":"2023-12-26T16:07:07","slug":"sbirka","status":"publish","type":"page","link":"https:\/\/www.pesos.cz\/?page_id=50","title":{"rendered":"SB\u00cdRKY"},"content":{"rendered":"<div class=\"fusion-fullwidth fullwidth-box fusion-builder-row-1 fusion-flex-container has-pattern-background has-mask-background nonhundred-percent-fullwidth non-hundred-percent-height-scrolling\" style=\"--awb-border-radius-top-left:0px;--awb-border-radius-top-right:0px;--awb-border-radius-bottom-right:0px;--awb-border-radius-bottom-left:0px;--awb-flex-wrap:wrap;\" ><div class=\"fusion-builder-row fusion-row fusion-flex-align-items-flex-start fusion-flex-content-wrap\" style=\"max-width:1216.8px;margin-left: calc(-4% \/ 2 );margin-right: calc(-4% \/ 2 );\"><div class=\"fusion-layout-column fusion_builder_column fusion-builder-column-0 fusion_builder_column_1_1 1_1 fusion-flex-column\" style=\"--awb-bg-size:cover;--awb-width-large:100%;--awb-margin-top-large:0px;--awb-spacing-right-large:1.92%;--awb-margin-bottom-large:20px;--awb-spacing-left-large:1.92%;--awb-width-medium:100%;--awb-order-medium:0;--awb-spacing-right-medium:1.92%;--awb-spacing-left-medium:1.92%;--awb-width-small:100%;--awb-order-small:0;--awb-spacing-right-small:1.92%;--awb-spacing-left-small:1.92%;\"><div class=\"fusion-column-wrapper fusion-column-has-shadow fusion-flex-justify-content-flex-start fusion-content-layout-column\"><div class=\"fusion-text fusion-text-1\"><p>NA\u0160E AKCE A SB\u00cdRKY<\/p>\n<ul>\n<li style=\"text-align: left;\"><strong>V\u00e1no\u010dn\u00ed sb\u00edrky od roku 2012<\/strong><\/li>\n<li style=\"text-align: left;\"><strong>Canicrossov\u00e9 z\u00e1vody od roku 2014<\/strong><\/li>\n<li style=\"text-align: left;\"><strong>Materi\u00e1ln\u00ed sb\u00edrky Z\u0160 M\u010c Praha 10 <\/strong><\/li>\n<li style=\"text-align: left;\"><strong>P\u0159\u00edmo za \u010dum\u00e1kem v Kr\u010dsk\u00e9m lese od roku 2014<\/strong><\/li>\n<li style=\"text-align: left;\"><strong>Finan\u010dn\u00ed sb\u00edrky od roku 2012<\/strong><\/li>\n<li style=\"text-align: left;\"><strong>Ps\u00ed den Prahy 10 ve spolupr\u00e1ci M\u010c Prahy 10<\/strong><\/li>\n<\/ul>\n<p>P\u0158ISP\u011aJTE NA KONTO<br \/>\nD\u00e1rcovsk\u00e1 SMS (DMS)<\/p>\n<p>Jednor\u00e1zov\u00e1 DMS: SMS ve tvaru \u201eDMS PESOS\u201c za\u0161lete na \u010d\u00edslo 87 777<br \/>\nCena jedn\u00e9 DMS je 30 K\u010d, Pomozte \u00fatulk\u016fm obdr\u017e\u00ed 28,50 K\u010d.<\/p>\n<p>Ro\u010dn\u00ed DMS: SMS ve tvaru \u201eDMS PESOS\u201c na \u010d\u00edslo 87 777<br \/>\nTouto cestou lze p\u0159isp\u00edvat i pravideln\u011b po dobu jednoho roku. Ka\u017ed\u00fd m\u011bs\u00edc bude automaticky ode\u010dtena \u010d\u00e1stka 30 K\u010d, Pomozte \u00fatulk\u016fm obdr\u017e\u00ed 28,50 K\u010d.<\/p>\n<p>D\u00e1rcovsk\u00e1 SMS tzv. DMS m\u016f\u017ee b\u00fdt zasl\u00e1na z telefonn\u00edho \u010d\u00edsla jak\u00e9hokoli \u010desk\u00e9ho telefonn\u00edho oper\u00e1tora. Slu\u017ebu DMS provozuje F\u00f3rum d\u00e1rc\u016f, technicky ji zaji\u0161\u0165uje ATS Praha. V\u00edce na www.darcovskasms.cz.<\/p>\n<p>Abychom i nad\u00e1le mohli pokra\u010dovat v na\u0161\u00ed pr\u00e1ci, budeme r\u00e1di za jakoukoliv Va\u0161i podporu, pomoc \u010di pen\u011b\u017eit\u00fd p\u0159\u00edsp\u011bvek na n\u00e1\u0161 \u00fa\u010det.<br \/>\nP\u0159evod darovan\u00e9 \u010d\u00e1stky na sb\u00edrkov\u00fd \u00fa\u010det<\/p>\n<p>Za\u0161lete sv\u016fj finan\u010dn\u00ed p\u0159\u00edsp\u011bvek v libovoln\u00e9 v\u00fd\u0161i prost\u0159ednictv\u00edm jednor\u00e1zov\u00e9ho \u010di st\u00e1l\u00e9ho p\u0159\u00edkazu na sb\u00edrkov\u00e9 konto, \u010d. \u00fa. 2300535970 \/ 2010 \u00da\u010det je veden u spole\u010dnosti Fio banka a je pln\u011b transparentn\u00ed.<br \/>\nPo\u0161tovn\u00ed pouk\u00e1zkou<\/p>\n<p>Do po\u0161tovn\u00ed pouk\u00e1zky typu A je t\u0159eba vyplnit n\u00e1sledn\u00e9 \u00fadaje o sdru\u017een\u00ed:<\/p>\n<p>PESOS, o.p.s., Na Slatin\u00e1ch 3418, 100 00 Praha 10, \u010d\u00edslo konta: 2300535970 \/ 2010<\/p>\n<p>Pokud na na\u0161e konto za\u0161lete finan\u010dn\u00ed p\u0159\u00edsp\u011bvek, budeme velice r\u00e1di, kdy\u017e n\u00e1m po\u0161lete tak\u00e9 spojen\u00ed na sebe, abychom v\u00e1s mohli informovat o aktu\u00e1ln\u00edm d\u011bn\u00ed a o tom, jak se sv\u011b\u0159en\u00fdmi prost\u0159edky nakl\u00e1d\u00e1me (z bankovn\u00edho v\u00fdpisu se bohu\u017eel dozv\u00edme pouze va\u0161e jm\u00e9no).<\/p>\n<p>D\u011bkujeme!<\/p>\n<\/div><div class=\"fusion-image-carousel fusion-image-carousel-auto fusion-image-carousel-1 fusion-no-small-visibility fusion-no-medium-visibility lightbox-enabled\"><div class=\"awb-carousel awb-swiper awb-swiper-carousel\" data-autoplay=\"no\" data-columns=\"5\" data-itemmargin=\"13\" data-itemwidth=\"180\" data-touchscroll=\"no\" data-imagesize=\"auto\"><div class=\"swiper-wrapper awb-image-carousel-wrapper fusion-flex-align-items-center\"><div class=\"swiper-slide\"><div class=\"fusion-carousel-item-wrapper\"><div class=\"fusion-image-wrapper hover-type-none\"><a data-rel=\"iLightbox[image_carousel_1]\" data-title=\"povolen-1\" aria-label=\"povolen-1\" href=\"http:\/\/www.pesos.cz\/wp-content\/uploads\/2023\/12\/povolen-1-214x300.png\" target=\"_self\"><img decoding=\"async\" width=\"448\" height=\"629\" src=\"https:\/\/www.pesos.cz\/wp-content\/uploads\/2023\/12\/povolen-1.png\" class=\"attachment-full size-full\" alt=\"\" srcset=\"https:\/\/www.pesos.cz\/wp-content\/uploads\/2023\/12\/povolen-1-200x281.png 200w, https:\/\/www.pesos.cz\/wp-content\/uploads\/2023\/12\/povolen-1-400x562.png 400w, https:\/\/www.pesos.cz\/wp-content\/uploads\/2023\/12\/povolen-1.png 448w\" sizes=\"(min-width: 2200px) 100vw, (min-width: 732px) 579px, (min-width: 640px) 732px, \" \/><\/a><\/div><\/div><\/div><div class=\"swiper-slide\"><div class=\"fusion-carousel-item-wrapper\"><div class=\"fusion-image-wrapper hover-type-none\"><a data-rel=\"iLightbox[image_carousel_1]\" data-title=\"Z\u00c4\u201a\u00cb\u2021\u00c4\u0105\u00cb\u2021tita-P\u00c4\u0105\u00e2\u201e\u02d8\u00c4\u201a\u00c2\u00admo-za-\u0102\u201e\u0139\u00a4um\u00c4\u201a\u00cb\u2021kem\" aria-label=\"Z\u00c4\u201a\u00cb\u2021\u00c4\u0105\u00cb\u2021tita-P\u00c4\u0105\u00e2\u201e\u02d8\u00c4\u201a\u00c2\u00admo-za-\u0102\u201e\u0139\u00a4um\u00c4\u201a\u00cb\u2021kem\" href=\"http:\/\/www.pesos.cz\/wp-content\/uploads\/2023\/12\/ZA\u201aE\u2021AaE\u2021tita-PAaa\u201e\u02d8A\u201aA\u00admo-za-A\u201eL\u00a4umA\u201aE\u2021kem-211x300.jpg\" target=\"_self\"><img decoding=\"async\" width=\"563\" height=\"802\" src=\"https:\/\/www.pesos.cz\/wp-content\/uploads\/2023\/12\/ZA\u201aE\u2021AaE\u2021tita-PAaa\u201e\u02d8A\u201aA\u00admo-za-A\u201eL\u00a4umA\u201aE\u2021kem.jpg\" class=\"attachment-full size-full\" alt=\"\" srcset=\"https:\/\/www.pesos.cz\/wp-content\/uploads\/2023\/12\/ZA\u201aE\u2021AaE\u2021tita-PAaa\u201e\u02d8A\u201aA\u00admo-za-A\u201eL\u00a4umA\u201aE\u2021kem-200x285.jpg 200w, https:\/\/www.pesos.cz\/wp-content\/uploads\/2023\/12\/ZA\u201aE\u2021AaE\u2021tita-PAaa\u201e\u02d8A\u201aA\u00admo-za-A\u201eL\u00a4umA\u201aE\u2021kem-400x570.jpg 400w, https:\/\/www.pesos.cz\/wp-content\/uploads\/2023\/12\/ZA\u201aE\u2021AaE\u2021tita-PAaa\u201e\u02d8A\u201aA\u00admo-za-A\u201eL\u00a4umA\u201aE\u2021kem.jpg 563w\" sizes=\"(min-width: 2200px) 100vw, (min-width: 732px) 579px, (min-width: 640px) 732px, \" \/><\/a><\/div><\/div><\/div><\/div><div class=\"awb-swiper-button awb-swiper-button-prev\"><i class=\"awb-icon-angle-left\" aria-hidden=\"true\"><\/i><\/div><div class=\"awb-swiper-button awb-swiper-button-next\"><i class=\"awb-icon-angle-right\" aria-hidden=\"true\"><\/i><\/div><\/div><\/div><\/div><\/div><\/div><\/div>\n","protected":false},"excerpt":{"rendered":"","protected":false},"author":1,"featured_media":0,"parent":0,"menu_order":0,"comment_status":"closed","ping_status":"closed","template":"","meta":{"footnotes":""},"class_list":["post-50","page","type-page","status-publish","hentry"],"_links":{"self":[{"href":"https:\/\/www.pesos.cz\/index.php?rest_route=\/wp\/v2\/pages\/50","targetHints":{"allow":["GET"]}}],"collection":[{"href":"https:\/\/www.pesos.cz\/index.php?rest_route=\/wp\/v2\/pages"}],"about":[{"href":"https:\/\/www.pesos.cz\/index.php?rest_route=\/wp\/v2\/types\/page"}],"author":[{"embeddable":true,"href":"https:\/\/www.pesos.cz\/index.php?rest_route=\/wp\/v2\/users\/1"}],"replies":[{"embeddable":true,"href":"https:\/\/www.pesos.cz\/index.php?rest_route=%2Fwp%2Fv2%2Fcomments&post=50"}],"version-history":[{"count":6,"href":"https:\/\/www.pesos.cz\/index.php?rest_route=\/wp\/v2\/pages\/50\/revisions"}],"predecessor-version":[{"id":61,"href":"https:\/\/www.pesos.cz\/index.php?rest_route=\/wp\/v2\/pages\/50\/revisions\/61"}],"wp:attachment":[{"href":"https:\/\/www.pesos.cz\/index.php?rest_route=%2Fwp%2Fv2%2Fmedia&parent=50"}],"curies":[{"name":"wp","href":"https:\/\/api.w.org\/{rel}","templated":true}]}}